{"id":82,"date":"2022-10-27T16:37:35","date_gmt":"2022-10-27T19:37:35","guid":{"rendered":"https:\/\/festivaldecircodobrasil.com.br\/2023\/?page_id=82"},"modified":"2023-10-19T14:44:49","modified_gmt":"2023-10-19T17:44:49","slug":"o-festival","status":"publish","type":"page","link":"https:\/\/festivaldecircodobrasil.com.br\/2023\/o-festival\/","title":{"rendered":"O FESTIVAL"},"content":{"rendered":"<p>O Festival de Circo do Brasil chega a sua 17\u00aa edi\u00e7\u00e3o e busca a expans\u00e3o do circo enquanto arte transdisciplinar, com o eixo curatorial <strong>\u201cOver Contempor\u00e2neo\u201d<\/strong>. A proposta pretende acender diferentes perspectivas e fomentar novas ideias sobre o circo e seus atravessamentos na contemporaneidade, transformando Recife num centro de conven\u00e7\u00f5es dedicado \u00e0 tem\u00e1tica, com seis dias de intensa programa\u00e7\u00e3o cultural para todas as idades. Realizado desde 2004 com sucesso de p\u00fablico e cr\u00edtica especializada, o Festival de Circo do Brasil atua na rede de Difus\u00e3o e Fomento do Circo no pa\u00eds, promovendo anualmente: espet\u00e1culos, oficinas, workshops, lan\u00e7amentos de publica\u00e7\u00f5es, filmes e exposi\u00e7\u00f5es na tem\u00e1tica circense, entre outras atividades que formam plateia, dinamizam a cadeia produtiva do circo, e viabilizam o interc\u00e2mbio entre artistas, estudantes, t\u00e9cnicos, produtores e o grande p\u00fablico.<\/p>\n<p>Este ano os espet\u00e1culos acontecer\u00e3o, de 07 a 12 de novembro, nos teatros de Santa Isabel, do Parque, Apolo e Hermilo, al\u00e9m de programa\u00e7\u00e3o aberta ao p\u00fablico no Po\u00e7o da Panela e Sesc S\u00e3o Louren\u00e7o da Mata. Ao todo ser\u00e3o cerca de 20 espet\u00e1culos com artistas de v\u00e1rias nacionalidades, como Brasil, Fran\u00e7a, Espanha, Argentina e Uruguai. Paralelamente \u00e0 programa\u00e7\u00e3o cultural, acontecer\u00e3o oficinas e workshops circenses para profissionais e estudantes do circo. A grade formativa acontecer\u00e1 de 07 a 10 de novembro, no Teatro Hermilo Borba Filho.<\/p>\n<p>O Festival de Circo do Brasil conta com incentivo da Secretaria de Cultura do Recife e da Funda\u00e7\u00e3o de Cultura Cidade do Recife, atrav\u00e9s do edital de Fundo de Incentivo \u00e0 Cultura, e do Iberescena &#8211; Fondo de Ayudas para las Artes Esc\u00e9nicas Iberoamericanas, atrav\u00e9s do edital de Ayudas a la Programaci\u00f3n de Festivales y Espacios Esc\u00e9nicos.<\/p>\n<p><iframe loading=\"lazy\" title=\"Festival de Circo do Brasil - Over Contempor\u00e2neo\" width=\"500\" height=\"281\" src=\"https:\/\/www.youtube.com\/embed\/FT_x7sDF0us?feature=oembed\" frameborder=\"0\" allow=\"accelerometer; autoplay; clipboard-write; encrypted-media; gyroscope; picture-in-picture; web-share\" referrerpolicy=\"strict-origin-when-cross-origin\" allowfullscreen><\/iframe><\/p>\n<p>&nbsp;<\/p>\n<p><strong>NOVA MARCA\u00a0<\/strong><\/p>\n<p><span style=\"font-weight: 400;\">O Festival de Circo de Brasil, idealizado pela Luni Produ\u00e7\u00f5es, est\u00e1 de cara nova. Um ano antes de chegar a sua maioridade, retardada pela pandemia, a identidade visual do festival passou por um <\/span><i><span style=\"font-weight: 400;\">refresh<\/span><\/i><span style=\"font-weight: 400;\">, mas sem perder a ess\u00eancia de quem j\u00e1 tem longa e boas hist\u00f3rias por quase duas d\u00e9cadas e \u00e9 consolidado na agenda cultural de Pernambuco, sendo um dos principais eventos dedicados \u00e0 arte circense na Am\u00e9rica Latina.<\/span><\/p>\n<p><span style=\"font-weight: 400;\">As mudan\u00e7as na marca foram pensadas para dar mais personalidade e modernidade ao evento, que prioriza em sua programa\u00e7\u00e3o diversa um panorama contempor\u00e2neo da arte circense local, nacional e mundial. A atualiza\u00e7\u00e3o da marca, segundo as organizadoras Danielle e Karina Hovver, foi necess\u00e1ria pela pr\u00f3pria proposta do festival em integrar o circo com outras linguagens art\u00edsticas e apostar nas novas artes, aliando tradi\u00e7\u00e3o e contemporaneidade. Sem falar nas pr\u00f3prias mudan\u00e7as da sociedade diante da era digital.\u00a0<\/span><\/p>\n<p><strong><span style=\"font-weight: 400;\">Com o novo desenho, o intuito \u00e9 refor\u00e7ar o amadurecimento do festival e a pluralidade e contemporaneidade que ele representa. \u201c A atualiza\u00e7\u00e3o da nossa marca \u00e9 um convite para que todos artistas, produtores e p\u00fablico do circo, do seu jeito, se apropriem do Festival de Circo do Brasil e possam juntos constru\u00edrem seus pr\u00f3ximos 17, 18, 19 e 20 anos<\/span><i><span style=\"font-weight: 400;\">\u201d<\/span><\/i><span style=\"font-weight: 400;\">, destaca Danielle Hoover.<\/span><\/strong><\/p>\n<p><iframe loading=\"lazy\" title=\"Nova Marca - Festival de Circo do Brasil\" width=\"500\" height=\"281\" src=\"https:\/\/www.youtube.com\/embed\/8SBbj2sD5tY?feature=oembed\" frameborder=\"0\" allow=\"accelerometer; autoplay; clipboard-write; encrypted-media; gyroscope; picture-in-picture; web-share\" referrerpolicy=\"strict-origin-when-cross-origin\" allowfullscreen><\/iframe><\/p>\n<p>&nbsp;<\/p>\n","protected":false},"excerpt":{"rendered":"<p>O Festival de Circo do Brasil chega a sua 17\u00aa edi\u00e7\u00e3o e busca a expans\u00e3o do circo enquanto arte transdisciplinar, com o eixo curatorial \u201cOver Contempor\u00e2neo\u201d. A proposta pretende acender diferentes perspectivas e fomentar novas ideias sobre o circo e seus atravessamentos na contemporaneidade, transformando Recife num centro de conven\u00e7\u00f5es <a class=\"leiamais\" href=\"https:\/\/festivaldecircodobrasil.com.br\/2023\/o-festival\/\">LER NOT\u00cdCIA<\/a><\/p>\n","protected":false},"author":1,"featured_media":0,"parent":0,"menu_order":0,"comment_status":"closed","ping_status":"closed","template":"","meta":{"footnotes":""},"class_list":["post-82","page","type-page","status-publish","hentry","active"],"_links":{"self":[{"href":"https:\/\/festivaldecircodobrasil.com.br\/2023\/wp-json\/wp\/v2\/pages\/82","targetHints":{"allow":["GET"]}}],"collection":[{"href":"https:\/\/festivaldecircodobrasil.com.br\/2023\/wp-json\/wp\/v2\/pages"}],"about":[{"href":"https:\/\/festivaldecircodobrasil.com.br\/2023\/wp-json\/wp\/v2\/types\/page"}],"author":[{"embeddable":true,"href":"https:\/\/festivaldecircodobrasil.com.br\/2023\/wp-json\/wp\/v2\/users\/1"}],"replies":[{"embeddable":true,"href":"https:\/\/festivaldecircodobrasil.com.br\/2023\/wp-json\/wp\/v2\/comments?post=82"}],"version-history":[{"count":8,"href":"https:\/\/festivaldecircodobrasil.com.br\/2023\/wp-json\/wp\/v2\/pages\/82\/revisions"}],"predecessor-version":[{"id":7685,"href":"https:\/\/festivaldecircodobrasil.com.br\/2023\/wp-json\/wp\/v2\/pages\/82\/revisions\/7685"}],"wp:attachment":[{"href":"https:\/\/festivaldecircodobrasil.com.br\/2023\/wp-json\/wp\/v2\/media?parent=82"}],"curies":[{"name":"wp","href":"https:\/\/api.w.org\/{rel}","templated":true}]}}

<p>O Festival de Circo do Brasil chega a sua 17ª edição e busca a expansão do circo enquanto arte transdisciplinar, com o eixo curatorial <strong>“Over Contemporâneo”</strong>. A proposta pretende acender diferentes perspectivas e fomentar novas ideias sobre o circo e seus atravessamentos na contemporaneidade, transformando Recife num centro de convenções dedicado à temática, com seis dias de intensa programação cultural para todas as idades. Realizado desde 2004 com sucesso de público e crítica especializada, o Festival de Circo do Brasil atua na rede de Difusão e Fomento do Circo no país, promovendo anualmente: espetáculos, oficinas, workshops, lançamentos de publicações, filmes e exposições na temática circense, entre outras atividades que formam plateia, dinamizam a cadeia produtiva do circo, e viabilizam o intercâmbio entre artistas, estudantes, técnicos, produtores e o grande público.</p>
<p>Este ano os espetáculos acontecerão, de 07 a 12 de novembro, nos teatros de Santa Isabel, do Parque, Apolo e Hermilo, além de programação aberta ao público no Poço da Panela e Sesc São Lourenço da Mata. Ao todo serão cerca de 20 espetáculos com artistas de várias nacionalidades, como Brasil, França, Espanha, Argentina e Uruguai. Paralelamente à programação cultural, acontecerão oficinas e workshops circenses para profissionais e estudantes do circo. A grade formativa acontecerá de 07 a 10 de novembro, no Teatro Hermilo Borba Filho.</p>
<p>O Festival de Circo do Brasil conta com incentivo da Secretaria de Cultura do Recife e da Fundação de Cultura Cidade do Recife, através do edital de Fundo de Incentivo à Cultura, e do Iberescena &#8211; Fondo de Ayudas para las Artes Escénicas Iberoamericanas, através do edital de Ayudas a la Programación de Festivales y Espacios Escénicos.</p>
<p><iframe loading="lazy" title="Festival de Circo do Brasil - Over Contemporâneo" width="500" height="281" src="https://www.youtube.com/embed/FT_x7sDF0us?feature=oembed" frameborder="0" allow="accelerometer; autoplay; clipboard-write; encrypted-media; gyroscope; picture-in-picture; web-share" referrerpolicy="strict-origin-when-cross-origin" allowfullscreen></iframe></p>
<p>&nbsp;</p>
<p><strong>NOVA MARCA </strong></p>
<p><span style="font-weight: 400;">O Festival de Circo de Brasil, idealizado pela Luni Produções, está de cara nova. Um ano antes de chegar a sua maioridade, retardada pela pandemia, a identidade visual do festival passou por um </span><i><span style="font-weight: 400;">refresh</span></i><span style="font-weight: 400;">, mas sem perder a essência de quem já tem longa e boas histórias por quase duas décadas e é consolidado na agenda cultural de Pernambuco, sendo um dos principais eventos dedicados à arte circense na América Latina.</span></p>
<p><span style="font-weight: 400;">As mudanças na marca foram pensadas para dar mais personalidade e modernidade ao evento, que prioriza em sua programação diversa um panorama contemporâneo da arte circense local, nacional e mundial. A atualização da marca, segundo as organizadoras Danielle e Karina Hovver, foi necessária pela própria proposta do festival em integrar o circo com outras linguagens artísticas e apostar nas novas artes, aliando tradição e contemporaneidade. Sem falar nas próprias mudanças da sociedade diante da era digital. </span></p>
<p><strong><span style="font-weight: 400;">Com o novo desenho, o intuito é reforçar o amadurecimento do festival e a pluralidade e contemporaneidade que ele representa. “ A atualização da nossa marca é um convite para que todos artistas, produtores e público do circo, do seu jeito, se apropriem do Festival de Circo do Brasil e possam juntos construírem seus próximos 17, 18, 19 e 20 anos</span><i><span style="font-weight: 400;">”</span></i><span style="font-weight: 400;">, destaca Danielle Hoover.</span></strong></p>
<p><iframe loading="lazy" title="Nova Marca - Festival de Circo do Brasil" width="500" height="281" src="https://www.youtube.com/embed/8SBbj2sD5tY?feature=oembed" frameborder="0" allow="accelerometer; autoplay; clipboard-write; encrypted-media; gyroscope; picture-in-picture; web-share" referrerpolicy="strict-origin-when-cross-origin" allowfullscreen></iframe></p>
<p>&nbsp;</p>

<p>O Festival de Circo do Brasil chega a sua 17ª edição e busca a expansão do circo enquanto arte transdisciplinar, com o eixo curatorial “Over Contemporâneo”. A proposta pretende acender diferentes perspectivas e fomentar novas ideias sobre o circo e seus atravessamentos na contemporaneidade, transformando Recife num centro de convenções <a class="leiamais" href="https://festivaldecircodobrasil.com.br/2023/o-festival/">LER NOTÍCIA</a></p>
