{"id":7667,"date":"2023-10-18T17:30:50","date_gmt":"2023-10-18T20:30:50","guid":{"rendered":"https:\/\/festivaldecircodobrasil.com.br\/2023\/?page_id=7667"},"modified":"2023-11-02T08:59:51","modified_gmt":"2023-11-02T11:59:51","slug":"quem-faz2023","status":"publish","type":"page","link":"https:\/\/festivaldecircodobrasil.com.br\/2023\/quem-faz2023\/","title":{"rendered":"Quem Faz"},"content":{"rendered":"<p><strong>Idealiza\u00e7\u00e3o e Produ\u00e7\u00e3o Geral &#8211;<\/strong> Danielle Hoover e Karina Hoover<\/p>\n<p><strong>Curadoria &#8211;<\/strong> Danielle Hoover e Val\u00e9ria Martins<\/p>\n<p><strong>Produ\u00e7\u00e3o Executiva &#8211;<\/strong>Luni Produ\u00e7\u00f5es<\/p>\n<p><strong>Coordena\u00e7\u00e3o de Produ\u00e7\u00e3o do Centro Apolo &#8211;<\/strong> <strong>Hermilo &#8211; <\/strong>Karla Martins<\/p>\n<p><strong>Produ\u00e7\u00e3o de Log\u00edstica &#8211;<\/strong> Kari Lopes e Kayse Braga<\/p>\n<p><strong>Produ\u00e7\u00e3o de Externa &#8211;<\/strong> Williams Santana<\/p>\n<p><strong>Produ\u00e7\u00e3o Feirinha do Circo e Food Park &#8211;<\/strong> J\u00falia Assis<\/p>\n<p><strong>Produ\u00e7\u00e3o de Oficinas e Fomento &#8211;<\/strong>Malu Vieira<\/p>\n<p><strong>Coordena\u00e7\u00e3o T\u00e9cnica Circense &#8211;<\/strong> B\u00f3ris Trindade Jr.<\/p>\n<p><strong>Coordena\u00e7\u00e3o de Comunica\u00e7\u00e3o &#8211;<\/strong>Juliana Salvador<\/p>\n<p><strong>Comunica\u00e7\u00e3o Digital &#8211;<\/strong>Thiago Werneck, Juliana Salvador e W3 Designer<\/p>\n<p><strong>Assessoria de Imprensa &#8211;<\/strong>Juliana Salvador<\/p>\n<p><strong>Identidade visual &#8211;<\/strong> Mateus Alves<\/p>\n<p><strong>Designer assistente &#8211;<\/strong> Malu Vidal<\/p>\n<p><strong>Audiovisual &#8211;<\/strong>Victor Germano<\/p>\n","protected":false},"excerpt":{"rendered":"<p>Idealiza\u00e7\u00e3o e Produ\u00e7\u00e3o Geral &#8211; Danielle Hoover e Karina Hoover Curadoria &#8211; Danielle Hoover e Val\u00e9ria Martins Produ\u00e7\u00e3o Executiva &#8211;Luni Produ\u00e7\u00f5es Coordena\u00e7\u00e3o de Produ\u00e7\u00e3o do Centro Apolo &#8211; Hermilo &#8211; Karla Martins Produ\u00e7\u00e3o de Log\u00edstica &#8211; Kari Lopes e Kayse Braga Produ\u00e7\u00e3o de Externa &#8211; Williams Santana Produ\u00e7\u00e3o Feirinha do <a class=\"leiamais\" href=\"https:\/\/festivaldecircodobrasil.com.br\/2023\/quem-faz2023\/\">LER NOT\u00cdCIA<\/a><\/p>\n","protected":false},"author":1,"featured_media":0,"parent":0,"menu_order":0,"comment_status":"closed","ping_status":"closed","template":"","meta":{"footnotes":""},"class_list":["post-7667","page","type-page","status-publish","hentry","active"],"_links":{"self":[{"href":"https:\/\/festivaldecircodobrasil.com.br\/2023\/wp-json\/wp\/v2\/pages\/7667","targetHints":{"allow":["GET"]}}],"collection":[{"href":"https:\/\/festivaldecircodobrasil.com.br\/2023\/wp-json\/wp\/v2\/pages"}],"about":[{"href":"https:\/\/festivaldecircodobrasil.com.br\/2023\/wp-json\/wp\/v2\/types\/page"}],"author":[{"embeddable":true,"href":"https:\/\/festivaldecircodobrasil.com.br\/2023\/wp-json\/wp\/v2\/users\/1"}],"replies":[{"embeddable":true,"href":"https:\/\/festivaldecircodobrasil.com.br\/2023\/wp-json\/wp\/v2\/comments?post=7667"}],"version-history":[{"count":6,"href":"https:\/\/festivaldecircodobrasil.com.br\/2023\/wp-json\/wp\/v2\/pages\/7667\/revisions"}],"predecessor-version":[{"id":7885,"href":"https:\/\/festivaldecircodobrasil.com.br\/2023\/wp-json\/wp\/v2\/pages\/7667\/revisions\/7885"}],"wp:attachment":[{"href":"https:\/\/festivaldecircodobrasil.com.br\/2023\/wp-json\/wp\/v2\/media?parent=7667"}],"curies":[{"name":"wp","href":"https:\/\/api.w.org\/{rel}","templated":true}]}}

<p><strong>Idealização e Produção Geral &#8211;</strong> Danielle Hoover e Karina Hoover</p>
<p><strong>Curadoria &#8211;</strong> Danielle Hoover e Valéria Martins</p>
<p><strong>Produção Executiva &#8211;</strong>Luni Produções</p>
<p><strong>Coordenação de Produção do Centro Apolo &#8211;</strong> <strong>Hermilo &#8211; </strong>Karla Martins</p>
<p><strong>Produção de Logística &#8211;</strong> Kari Lopes e Kayse Braga</p>
<p><strong>Produção de Externa &#8211;</strong> Williams Santana</p>
<p><strong>Produção Feirinha do Circo e Food Park &#8211;</strong> Júlia Assis</p>
<p><strong>Produção de Oficinas e Fomento &#8211;</strong>Malu Vieira</p>
<p><strong>Coordenação Técnica Circense &#8211;</strong> Bóris Trindade Jr.</p>
<p><strong>Coordenação de Comunicação &#8211;</strong>Juliana Salvador</p>
<p><strong>Comunicação Digital &#8211;</strong>Thiago Werneck, Juliana Salvador e W3 Designer</p>
<p><strong>Assessoria de Imprensa &#8211;</strong>Juliana Salvador</p>
<p><strong>Identidade visual &#8211;</strong> Mateus Alves</p>
<p><strong>Designer assistente &#8211;</strong> Malu Vidal</p>
<p><strong>Audiovisual &#8211;</strong>Victor Germano</p>

<p>Idealização e Produção Geral &#8211; Danielle Hoover e Karina Hoover Curadoria &#8211; Danielle Hoover e Valéria Martins Produção Executiva &#8211;Luni Produções Coordenação de Produção do Centro Apolo &#8211; Hermilo &#8211; Karla Martins Produção de Logística &#8211; Kari Lopes e Kayse Braga Produção de Externa &#8211; Williams Santana Produção Feirinha do <a class="leiamais" href="https://festivaldecircodobrasil.com.br/2023/quem-faz2023/">LER NOTÍCIA</a></p>
